?
4
What is the units digit of 1736?
6
What is the ten thousands digit of 39211?
3
What is the tens digit of 23030?
3
What is the units digit of 4418?
8
What is the tens digit of 1229?
2
What is the units digit of 1692?
2
What is the units digit of 16067?
7
What is the tens digit of 10572?
7
What is the units digit of 373?
3
What is the hundreds digit of 159?
1
What is the hundreds digit of 1798?
7
What is the units digit of 1112?
2
What is the tens digit of 15917?
1
What is the units digit of 13615?
5
What is the ten thousands digit of 19595?
1
What is the units digit of 27367?
7
What is the tens digit of 39609?
0
What is the tens digit of 2629?
2
What is the ten thousands digit of 23924?
2
What is the hundred thousands digit of 123773?
1
What is the hundreds digit of 676?
6
What is the thousands digit of 21909?
1
What is the units digit of 10672?
2
What is the thousands digit of 7431?
7
What is the hundreds digit of 4261?
2
What is the tens digit of 41515?
1
What is the units digit of 61024?
4
What is the thousands digit of 1214?
1
What is the hundreds digit of 297?
2
What is the thousands digit of 77609?
7
What is the tens digit of 114?
1
What is the units digit of 54665?
5
What is the thousands digit of 1254?
1
What is the hundreds digit of 26648?
6
What is the thousands digit of 4800?
4
What is the thousands digit of 62885?
2
What is the units digit of 69?
9
What is the units digit of 78264?
4
What is the tens digit of 1037?
3
What is the ten thousands digit of 14258?
1
What is the hundreds digit of 1801?
8
What is the tens digit of 1247?
4
What is the tens digit of 397?
9
What is the thousands digit of 6321?
6
What is the tens digit of 140442?
4
What is the units digit of 3439?
9
What is the ten thousands digit of 17811?
1
What is the thousands digit of 22385?
2
What is the thousands digit of 2198?
2
What is the units digit of 407?
7
What is the units digit of 358?
8
What is the units digit of 31715?
5
What is the thousands digit of 9424?
9
What is the units digit of 874?
4
What is the thousands digit of 67385?
7
What is the units digit of 306?
6
What is the tens digit of 29559?
5
What is the hundreds digit of 158983?
9
What is the hundreds digit of 5472?
4
What is the tens digit of 6816?
1
What is the units digit of 1394?
4
What is the thousands digit of 45068?
5
What is the tens digit of 13390?
9
What is the ten thousands digit of 34708?
3
What is the hundreds digit of 3116?
1
What is the tens digit of 138827?
2
What is the tens digit of 210?
1
What is the tens digit of 1425?
2
What is the tens digit of 53029?
2
What is the hundreds digit of 8910?
9
What is the thousands digit of 11348?
1
What is the thousands digit of 7607?
7
What is the tens digit of 17733?
3
What is the thousands digit of 13693?
3
What is the tens digit of 1449?
4
What is the thousands digit of 26682?
6
What is the units digit of 13045?
5
What is the thousands digit of 1850?
1
What is the tens digit of 3279?
7
What is the thousands digit of 2945?
2
What is the units digit of 460?
0
What is the thousands digit of 24912?
4
What is the tens digit of 2999?
9
What is the units digit of 113754?
4
What is the hundreds digit of 960?
9
What is the thousands digit of 1829?
1
What is the hundreds digit of 351?
3
What is the hundreds digit of 2156?
1
What is the hundreds digit of 3573?
5
What is the hundreds digit of 1553?
5
What is the tens digit of 2682?
8
What is the hundreds digit of 2884?
8
What is the tens digit of 839?
3
What is the thousands digit of 9205?
9
What is the thousands digit of 25883?
5
What is the units digit of 975?
5
What is the thousands digit of 1191?
1
What is the units digit of 7816?
6
What is the thousands digit of 122969?
2
What is the ten thousands digit of 16947?
1
What is the tens digit of 12489?
8
What is the tens digit of 77?
7
What is the units digit of 240?
0
What is the units digit of 19846?
6
What is the hundred thousands digit of 173932?
1
What is the ten thousands digit of 31571?
3
What is the units digit of 22881?
1
What is the hundreds digit of 601?
6
What is the tens digit of 73054?
5
What is the units digit of 11173?
3
What is the hundreds digit of 3252?
2
What is the hundreds digit of 6862?
8
What is the thousands digit of 2389?
2
What is the thousands digit of 8534?
8
What is the thousands digit of 3319?
3
What is the hundreds digit of 654?
6
What is the hundreds digit of 117?
1
What is the hundreds digit of 151423?
4
What is the tens digit of 225?
2
What is the thousands digit of 10929?
0
What is the tens digit of 462?
6
What is the ten thousands digit of 31446?
3
What is the thousands digit of 34991?
4
What is the units digit of 263?
3
What is the tens digit of 6229?
2
What is the thousands digit of 1038?
1
What is the units digit of 869?
9
What is the tens digit of 201?
0
What is the thousands digit of 1243?
1
What is the thousands digit of 12885?
2
What is the hundreds digit of 8016?
0
What is the tens digit of 468?
6
What is the units digit of 37219?
9
What is the units digit of 1596?
6
What is the tens digit of 10326?
2
What is the units digit of 36931?
1
What is the hundreds digit of 2116?
1
What is the tens digit of 39612?
1
What is the tens digit of 3997?
9
What is the hundreds digit of 2369?
3
What is the thousands digit of 2340?
2
What is the tens digit of 83003?
0
What is the thousands digit of 3084?
3
What is the tens digit of 35141?
4
What is the hundreds digit of 502?
5
What is the tens digit of 2049?
4
What is the hundreds digit of 40502?
5
What is the thousands digit of 1576?
1
What is the ten thousands digit of 190907?
9
What is the hundreds digit of 28889?
8
What is the thousands digit of 66489?
6
What is the tens digit of 228?
2
What is the units digit of 819?
9
What is the units digit of 8644?
4
What is the units digit of 1150?
0
What is the units digit of 1315?
5
What is the thousands digit of 21176?
1
What is the units digit of 16729?
9
What is the tens digit of 1349?
4
What is the units digit of 57612?
2
What is the tens digit of 2212?
1
What is the ten thousands digit of 37733?
3
What is the hundreds digit of 1865?
8
What is the hundreds digit of 67099?
0
What is the units digit of 2310?
0
What is the thousands digit of 25688?
5
What is the hundreds digit of 1265?
2
What is the tens digit of 1609?
0
What is the thousands digit of 14820?
4
What is the tens digit of 519?
1
What is the thousands digit of 9802?
9
What is the tens digit of 401?
0
What is the thousands digit of 2793?
2
What is the hundreds digit of 99532?
5
What is the hundreds digit of 128688?
6
What is the hundreds digit of 5058?
0
What is the units digit of 927?
7
What is the hundreds digit of 4847?
8
What is the hundreds digit of 1960?
9
What is the units digit of 53895?
5
What is the units digit of 7890?
0
What is the units digit of 6448?
8
What is the tens digit of 260?
6
What is the thousands digit of 12382?
2
What is the units digit of 19042?
2
What is the units digit of 62785?
5
What is the thousands digit of 69162?
9
What is the units digit of 17245?
5
What is the ten thousands digit of 12699?
1
What is the tens digit of 1344?
4
What is the thousands digit of 3167?
3
What is the tens digit of 742?
4
What is the ten thousands digit of 30228?
3
What is the tens digit of 7679?
7
What is the hundreds digit of 1072?
0
What is the units digit of 46306?
6
What is the thousands digit of 16175?
6
What is the hundreds digit of 2232?
2
What is the hundreds digit of 18134?
1
What is the tens digit of 66188?
8
What is the tens digit of 21946?
4
What is the thousands digit of 75140?
5
What is the units digit of 6173?
3
What is the ten thousands digit of 80222?
8
What is the thousands digit of 41840?
1
What is the ten thousands digit of 95874?
9
What is the thousands digit of 24820?
4
What is the hundreds digit of 810?
8
What is the units digit of 5955?
5
What is the tens digit of 7505?
0
What is the tens digit of 1046?
4
What is the hundreds digit of 2718?
7
What is the tens digit of 110999?
9
What is the thousands digit of 77388?
7
What is the hundreds digit of 3710?
7
What is the units digit of 433?
3
What is the ten thousands digit of 75924?
7
What is the units digit of 8981?
1
What is the tens digit of 1025?
2
What is the tens digit of 37834?
